e units digit of 8987?
7
What is the units digit of 456?
6
What is the thousands digit of 12071?
2
What is the thousands digit of 2023?
2
What is the hundreds digit of 802?
8
What is the units digit of 5104?
4
What is the units digit of 4204?
4
What is the hundreds digit of 702?
7
What is the thousands digit of 7062?
7
What is the tens digit of 761?
6
What is the units digit of 10023?
3
What is the hundreds digit of 2335?
3
What is the thousands digit of 8438?
8
What is the units digit of 187?
7
What is the units digit of 21933?
3
What is the hundreds digit of 35456?
4
What is the units digit of 4140?
0
What is the tens digit of 32003?
0
What is the hundreds digit of 72349?
3
What is the units digit of 56144?
4
What is the hundreds digit of 164?
1
What is the tens digit of 5849?
4
What is the ten thousands digit of 16546?
1
What is the ten thousands digit of 55929?
5
What is the hundreds digit of 4743?
7
What is the units digit of 14247?
7
What is the hundreds digit of 964?
9
What is the tens digit of 38657?
5
What is the thousands digit of 4092?
4
What is the thousands digit of 5068?
5
What is the units digit of 7162?
2
What is the tens digit of 4326?
2
What is the ten thousands digit of 21518?
2
What is the thousands digit of 11281?
1
What is the units digit of 1003?
3
What is the hundreds digit of 12298?
2
What is the hundreds digit of 23329?
3
What is the units digit of 2277?
7
What is the thousands digit of 2623?
2
What is the units digit of 7814?
4
What is the thousands digit of 1741?
1
What is the hundreds digit of 2708?
7
What is the tens digit of 5026?
2
What is the tens digit of 986?
8
What is the ten thousands digit of 21408?
2
What is the units digit of 4440?
0
What is the hundreds digit of 1370?
3
What is the hundreds digit of 13464?
4
What is the tens digit of 3972?
7
What is the thousands digit of 11093?
1
What is the tens digit of 632?
3
What is the hundreds digit of 1567?
5
What is the tens digit of 1348?
4
What is the hundred thousands digit of 122298?
1
What is the hundreds digit of 28296?
2
What is the tens digit of 4551?
5
What is the units digit of 147?
7
What is the tens digit of 3473?
7
What is the thousands digit of 1158?
1
What is the hundreds digit of 1811?
8
What is the tens digit of 13190?
9
What is the units digit of 3159?
9
What is the thousands digit of 15256?
5
What is the tens digit of 901?
0
What is the tens digit of 133?
3
What is the thousands digit of 4197?
4
What is the ten thousands digit of 14826?
1
What is the hundreds digit of 66957?
9
What is the thousands digit of 1307?
1
What is the units digit of 30749?
9
What is the hundreds digit of 862?
8
What is the ten thousands digit of 17975?
1
What is the tens digit of 868?
6
What is the hundreds digit of 1790?
7
What is the units digit of 194?
4
What is the units digit of 507?
7
What is the units digit of 1103?
3
What is the hundreds digit of 79129?
1
What is the hundreds digit of 2442?
4
What is the units digit of 9764?
4
What is the hundreds digit of 102?
1
What is the hundreds digit of 3366?
3
What is the units digit of 757?
7
What is the tens digit of 4256?
5
What is the tens digit of 16578?
7
What is the units digit of 9487?
7
What is the hundreds digit of 2580?
5
What is the units digit of 587?
7
What is the hundreds digit of 27356?
3
What is the tens digit of 875?
7
What is the tens digit of 56708?
0
What is the units digit of 13824?
4
What is the hundreds digit of 69426?
4
What is the units digit of 86551?
1
What is the units digit of 362?
2
What is the units digit of 1103?
3
What is the hundreds digit of 1336?
3
What is the units digit of 1950?
0
What is the tens digit of 65547?
4
What is the ten thousands digit of 14373?
1
What is the units digit of 108?
8
What is the units digit of 2104?
4
What is the units digit of 5923?
3
What is the hundreds digit of 3443?
4
What is the ten thousands digit of 25566?
2
What is the tens digit of 17492?
9
What is the hundreds digit of 16224?
2
What is the units digit of 23368?
8
What is the thousands digit of 8512?
8
What is the units digit of 1724?
4
What is the hundreds digit of 884?
8
What is the units digit of 31058?
8
What is the tens digit of 1318?
1
What is the hundreds digit of 708?
7
What is the tens digit of 16857?
5
What is the tens digit of 519?
1
What is the thousands digit of 23670?
3
What is the tens digit of 651?
5
What is the tens digit of 602?
0
What is the hundreds digit of 11093?
0
What is the units digit of 720?
0
What is the tens digit of 550?
5
What is the tens digit of 8018?
1
What is the tens digit of 2793?
9
What is the thousands digit of 30817?
0
What is the hundreds digit of 61461?
4
What is the hundreds digit of 916?
9
What is the units digit of 11779?
9
What is the tens digit of 245?
4
What is the tens digit of 19052?
5
What is the tens digit of 30839?
3
What is the tens digit of 733?
3
What is the units digit of 53048?
8
What is the hundreds digit of 456?
4
What is the units digit of 344?
4
What is the units digit of 2153?
3
What is the units digit of 188?
8
What is the thousands digit of 12794?
2
What is the tens digit of 458?
5
What is the tens digit of 3183?
8
What is the hundreds digit of 1227?
2
What is the thousands digit of 7767?
7
What is the hundreds digit of 117?
1
What is the hundred thousands digit of 124219?
1
What is the ten thousands digit of 18515?
1
What is the ten thousands digit of 13273?
1
What is the units digit of 5893?
3
What is the thousands digit of 92342?
2
What is the ten thousands digit of 66457?
6
What is the thousands digit of 4843?
4
What is the units digit of 7023?
3
What is the units digit of 13264?
4
What is the thousands digit of 7365?
7
What is the units digit of 1793?
3
What is the thousands digit of 11475?
1
What is the units digit of 1554?
4
What is the thousands digit of 1488?
1
What is the hundreds digit of 19857?
8
What is the units digit of 92912?
2
What is the units digit of 143826?
6
What is the hundreds digit of 50243?
2
What is the hundreds digit of 2024?
0
What is the units digit of 3555?
5
What is the thousands digit of 1154?
1
What is the tens digit of 1394?
9
What is the units digit of 350?
0
What is the thousands digit of 2126?
2
What is the tens digit of 17417?
1
What is the units digit of 7482?
2
What is the hundreds digit of 20777?
7
What is the tens digit of 603?
0
What is the tens digit of 84826?
2
What is the units digit of 187651?
1
What is the tens digit of 1300?
0
What is the thousands digit of 6652?
6
What is the hundreds digit of 6618?
6
What is the units digit of 4831?
1
What is the hundreds digit of 55612?
6
What is the hundreds digit of 2244?
2
What is the hundreds digit of 5087?
0
What is the units digit of 3340?
0
What is the units digit of 806?
6
What is the units digit of 83?
3
What is the thousands digit of 4049?
4
What is the thousands digit of 4430?
4
What is the tens digit of 987?
8
What is the tens digit of 9854?
5
What is the thousands digit of 11532?
1
What is the tens digit of 85510?
1
What is the units digit of 2011?
1
What is the hundred thousands digit of 136891?
1
What is the units digit of 8884?
4
What is the units digit of 14447?
7
What is the units digit of 892?
2
What is the thousands digit of 1014?
1
What is the tens digit of 10705?
0
What is the ten thousands digit of 142215?
4
What is the hundreds digit of 5711?
7
What is the ten thousands digit of 21966?
2
What is the units digit of 339?
9
What is the tens digit of 681?
8
What is the tens digit of 52351?
5
What is the ten thousands digit of 77173?
7
What is the units digit of 1509?
9
What is the thousands digit of 126514?
6
What is the tens digit of 43715?
1
What is the units digit of 1306?
6
What is the units digit of 1136?
6
What is the thousands digit of 36317?
6
What is the hundreds digit of 12696?
6
What is the hundreds digit of 195?
1
What is the hundreds digit of 3494?
4
What is the units digit of 119064?
4
What is the units digit of 5936?
6
What is the units digit of 3164?
4
What is the thousands digit of 7319?
7
What is the hundreds digit of 3521?
5
What is the tens digit of 134223?
2
What is the hundreds digit of 269?
2
What is the thousands digit of 50614?
0
What is the hundreds digit of 29954?
9
What is the hundreds digit of 